{"id":199,"date":"2025-03-14T17:30:35","date_gmt":"2025-03-14T16:30:35","guid":{"rendered":"https:\/\/acpcchampigneulles.fr\/?page_id=199"},"modified":"2025-03-14T17:30:36","modified_gmt":"2025-03-14T16:30:36","slug":"nos-publications-dans-le-journal-le-mag","status":"publish","type":"page","link":"https:\/\/acpcchampigneulles.fr\/index.php\/nos-publications-dans-le-journal-le-mag\/","title":{"rendered":"Nos publications dans le journal \u00ab\u00a0Le Mag'\u00a0\u00bb"},"content":{"rendered":"\n<p><\/p>\n\n\n\n<p><\/p>\n\n\n\n<p><\/p>\n\n\n\n<p><strong>D\u00e9cembre 2024 : <em>Zone des Vergers, concertation ou poudre aux yeux\u00a0? <\/em><\/strong><em>Depuis 4 ans la majorit\u00e9 a qualifi\u00e9 \u00ab\u00a0d\u2019ateliers de concertation\u00a0\u00bb plusieurs r\u00e9unions publiques. La m\u00e9thode\u00a0: le projet est ficel\u00e9 et on vous demande de choisir des d\u00e9tails comme \u00ab\u00a0la couleur des lampadaires\u00a0\u00bb. Fin novembre la soi-disant \u00ab\u00a0concertation\u00a0\u00bb portait sur l\u2019am\u00e9nagement de la zone des vergers. Il s\u2019est agi en fait de jouer au Monopoly sur une artificialisation de plusieurs hectares initi\u00e9e en1972 sans l\u2019avis des gens et aujourd\u2019hui d\u00e9pass\u00e9e. R\u00e9veillons-nous ! La vraie concertation serait de demander \u00e0 la population si elle veut vraiment de ce plan d\u2019urbanisme (150 logements et une zone d\u2019activit\u00e9s sur un espace naturel) avec ses cons\u00e9quences\u00a0: circulation routi\u00e8re, pollutions, impact sur 17 sources et sur les commerces. On montrerait alors que l\u2019\u00e9cologie et l\u2019humain sont une pr\u00e9occupation de nos concitoyens et on pourrait rebondir vers un projet responsable et heureux comme les f\u00eates de fin d\u2019ann\u00e9e que nous vous souhaitons.<\/em><\/p>\n\n\n\n<p><strong>Octobre 2024 : <em>Aux urnes, citoyens <\/em><\/strong><em>! Apr\u00e8s un scrutin europ\u00e9en qui a sid\u00e9r\u00e9 plus d\u2019un Champigneullais, avec un RN trop largement en t\u00eate dans notre ville, ACPC a appel\u00e9 \u00e0 une mobilisation de l\u2019ensemble des \u00e9lecteurs \u00e0 l\u2019occasion des l\u00e9gislatives. Aid\u00e9s par des Champigneullais et des soutiens venus des villes alentour, nous sommes all\u00e9s \u00e0 votre rencontre en porte-\u00e0-porte pour \u00e9changer directement avec vous. Notre message : n\u00e9cessit\u00e9 d\u00e9mocratique d\u2019aller voter et promotion du projet du \u00ab nouveau front populaire \u00bb incarn\u00e9 par Caroline Fiat dans un barrage r\u00e9publicain contre l\u2019extr\u00eame droite. La participation des \u00e9lecteurs a \u00e9t\u00e9 forte, c\u2019est encourageant, et le front r\u00e9publicain l\u2019a emport\u00e9 \u00e0 Champigneulles malgr\u00e9 le silence remarqu\u00e9 de notre maire, pourtant si grand \u00ab communiquant \u00bb. D\u2019autres \u00e9ch\u00e9ances \u00e9lectorales viendront o\u00f9 se rendre aux urnes sera essentiel pour faire vivre la d\u00e9mocratie locale dans le respect des convictions de chacun. ACPC poursuivra dans cette voie.<\/em><\/p>\n\n\n\n<p><strong>Juillet 2024<\/strong> : <em>Vergers : d&rsquo;aucuns dissolvent la soci\u00e9t\u00e9, d\u2019autres la polluent par leurs id\u00e9es naus\u00e9abondes de rejet de l\u2019autre, cet \u00e9t\u00e9 le sport d\u00e9tourne l\u2019attention \u2026 et pendant ce temps-l\u00e0, chez nous, la volont\u00e9 d\u2019artificialisation de la zone des vergers avance. M. le maire a d\u00e9cid\u00e9 de rencontrer des habitants individuellement pour leur vendre sans d\u00e9bat contradictoire son projet o\u00f9 le pr\u00e9fixe \u00ab \u00e9co \u00bb est partout \u2026 comme si la destruction d\u2019un espace naturel pour construire dessus pouvait \u00eatre plus \u00e9cologique que la nature elle-m\u00eame. Y aura-t-il plus de circulation dans des rues Champigneullaises ? bien s\u00fbr ! Un impact sur la faune et la flore ? \u00e9videmment ! Des probl\u00e8mes pour la circulation d\u2019eau souterraine ? Comment pourrait-il en \u00eatre autrement ? Tout cela pour la croissance, id\u00e9ologie \u00e9conomique qui obnubile les \u00e9lus et nous m\u00e8ne droit dans le mur ! Artificialiser la zone des vergers est un choix politique qui peut \u00eatre remis en cause\u2026 il est encore temps et d\u2019autres solutions existent !<\/em><\/p>\n\n\n\n<p><strong>Avril 2024 <\/strong>: <em><strong>ACPC n\u2019a pas vot\u00e9 le budget 2024<\/strong>. Pour notre commune et ses atouts (for\u00eat,\u00a0eau\u2026) c&rsquo;est le mieux-vivre de tous les habitants qu&rsquo;il faut privil\u00e9gier. Les d\u00e9penses pour un Ch\u00e2teau dont on ne connait pas l\u2019utilisation ultime risquent\u00a0de d\u00e9passer toutes les pr\u00e9visions, comme c\u2019est d\u00e9j\u00e0 le cas pour d\u2019autres travaux.\u00a0L\u2019augmentation forte des imp\u00f4ts 2023 pour \u00ab sauver la commune \u00bb s\u2019est transform\u00e9e en exc\u00e9dent budg\u00e9taire. Ne peut-on faire d\u2019autres choix \u00e0\u00a0Champigneulles, o\u00f9 le nombre d\u2019habitants vivant sous le seuil de pauvret\u00e9 est un\u00a0des plus \u00e9lev\u00e9 du Bassin et alors que la CCBP affiche de nombreuses pistes pour am\u00e9liorer la vie des citoyens ? Notre engagement constant dans une opposition argument\u00e9e convainc ACPC d\u2019ouvrir d\u00e8s maintenant ses d\u00e9bats \u00e0 toute personne ainsi qu\u2019aux groupes politiques locaux se retrouvant dans ses id\u00e9es et ses valeurs empreintes de d\u00e9mocratie r\u00e9elle, de justice, de solidarit\u00e9 et de pr\u00e9servation de l&rsquo;environnement, pour penser un projet municipal alternatif en 2026<\/em><\/p>\n","protected":false},"excerpt":{"rendered":"<p>D\u00e9cembre 2024 : Zone des Vergers, concertation ou poudre aux yeux\u00a0? Depuis 4 ans la majorit\u00e9 a qualifi\u00e9 \u00ab\u00a0d\u2019ateliers de concertation\u00a0\u00bb plusieurs r\u00e9unions publiques. La m\u00e9thode\u00a0: le projet est ficel\u00e9 et on vous demande de choisir des d\u00e9tails comme \u00ab\u00a0la couleur des lampadaires\u00a0\u00bb. Fin novembre la soi-disant \u00ab\u00a0concertation\u00a0\u00bb portait sur l\u2019am\u00e9nagement de la zone des vergers. Il s\u2019est agi en fait de jouer au Monopoly sur une artificialisation de plusieurs hectares initi\u00e9e en1972 sans l\u2019avis des gens et aujourd\u2019hui d\u00e9pass\u00e9e&#8230;.<\/p>\n<p class=\"read-more\"><a class=\"btn btn-default\" href=\"https:\/\/acpcchampigneulles.fr\/index.php\/nos-publications-dans-le-journal-le-mag\/\">Lire la suite<span class=\"screen-reader-text\"> Lire la suite<\/span><\/a><\/p>\n","protected":false},"author":2,"featured_media":0,"parent":0,"menu_order":0,"comment_status":"closed","ping_status":"closed","template":"","meta":{"footnotes":""},"class_list":["post-199","page","type-page","status-publish","hentry"],"_links":{"self":[{"href":"https:\/\/acpcchampigneulles.fr\/index.php\/wp-json\/wp\/v2\/pages\/199","targetHints":{"allow":["GET"]}}],"collection":[{"href":"https:\/\/acpcchampigneulles.fr\/index.php\/wp-json\/wp\/v2\/pages"}],"about":[{"href":"https:\/\/acpcchampigneulles.fr\/index.php\/wp-json\/wp\/v2\/types\/page"}],"author":[{"embeddable":true,"href":"https:\/\/acpcchampigneulles.fr\/index.php\/wp-json\/wp\/v2\/users\/2"}],"replies":[{"embeddable":true,"href":"https:\/\/acpcchampigneulles.fr\/index.php\/wp-json\/wp\/v2\/comments?post=199"}],"version-history":[{"count":2,"href":"https:\/\/acpcchampigneulles.fr\/index.php\/wp-json\/wp\/v2\/pages\/199\/revisions"}],"predecessor-version":[{"id":201,"href":"https:\/\/acpcchampigneulles.fr\/index.php\/wp-json\/wp\/v2\/pages\/199\/revisions\/201"}],"wp:attachment":[{"href":"https:\/\/acpcchampigneulles.fr\/index.php\/wp-json\/wp\/v2\/media?parent=199"}],"curies":[{"name":"wp","href":"https:\/\/api.w.org\/{rel}","templated":true}]}}

<p></p>



<p></p>



<p></p>



<p><strong>Décembre 2024 : <em>Zone des Vergers, concertation ou poudre aux yeux ? </em></strong><em>Depuis 4 ans la majorité a qualifié « d’ateliers de concertation » plusieurs réunions publiques. La méthode : le projet est ficelé et on vous demande de choisir des détails comme « la couleur des lampadaires ». Fin novembre la soi-disant « concertation » portait sur l’aménagement de la zone des vergers. Il s’est agi en fait de jouer au Monopoly sur une artificialisation de plusieurs hectares initiée en1972 sans l’avis des gens et aujourd’hui dépassée. Réveillons-nous ! La vraie concertation serait de demander à la population si elle veut vraiment de ce plan d’urbanisme (150 logements et une zone d’activités sur un espace naturel) avec ses conséquences : circulation routière, pollutions, impact sur 17 sources et sur les commerces. On montrerait alors que l’écologie et l’humain sont une préoccupation de nos concitoyens et on pourrait rebondir vers un projet responsable et heureux comme les fêtes de fin d’année que nous vous souhaitons.</em></p>



<p><strong>Octobre 2024 : <em>Aux urnes, citoyens </em></strong><em>! Après un scrutin européen qui a sidéré plus d’un Champigneullais, avec un RN trop largement en tête dans notre ville, ACPC a appelé à une mobilisation de l’ensemble des électeurs à l’occasion des législatives. Aidés par des Champigneullais et des soutiens venus des villes alentour, nous sommes allés à votre rencontre en porte-à-porte pour échanger directement avec vous. Notre message : nécessité démocratique d’aller voter et promotion du projet du « nouveau front populaire » incarné par Caroline Fiat dans un barrage républicain contre l’extrême droite. La participation des électeurs a été forte, c’est encourageant, et le front républicain l’a emporté à Champigneulles malgré le silence remarqué de notre maire, pourtant si grand « communiquant ». D’autres échéances électorales viendront où se rendre aux urnes sera essentiel pour faire vivre la démocratie locale dans le respect des convictions de chacun. ACPC poursuivra dans cette voie.</em></p>



<p><strong>Juillet 2024</strong> : <em>Vergers : d&rsquo;aucuns dissolvent la société, d’autres la polluent par leurs idées nauséabondes de rejet de l’autre, cet été le sport détourne l’attention … et pendant ce temps-là, chez nous, la volonté d’artificialisation de la zone des vergers avance. M. le maire a décidé de rencontrer des habitants individuellement pour leur vendre sans débat contradictoire son projet où le préfixe « éco » est partout … comme si la destruction d’un espace naturel pour construire dessus pouvait être plus écologique que la nature elle-même. Y aura-t-il plus de circulation dans des rues Champigneullaises ? bien sûr ! Un impact sur la faune et la flore ? évidemment ! Des problèmes pour la circulation d’eau souterraine ? Comment pourrait-il en être autrement ? Tout cela pour la croissance, idéologie économique qui obnubile les élus et nous mène droit dans le mur ! Artificialiser la zone des vergers est un choix politique qui peut être remis en cause… il est encore temps et d’autres solutions existent !</em></p>



<p><strong>Avril 2024 </strong>: <em><strong>ACPC n’a pas voté le budget 2024</strong>. Pour notre commune et ses atouts (forêt, eau…) c&rsquo;est le mieux-vivre de tous les habitants qu&rsquo;il faut privilégier. Les dépenses pour un Château dont on ne connait pas l’utilisation ultime risquent de dépasser toutes les prévisions, comme c’est déjà le cas pour d’autres travaux. L’augmentation forte des impôts 2023 pour « sauver la commune » s’est transformée en excédent budgétaire. Ne peut-on faire d’autres choix à Champigneulles, où le nombre d’habitants vivant sous le seuil de pauvreté est un des plus élevé du Bassin et alors que la CCBP affiche de nombreuses pistes pour améliorer la vie des citoyens ? Notre engagement constant dans une opposition argumentée convainc ACPC d’ouvrir dès maintenant ses débats à toute personne ainsi qu’aux groupes politiques locaux se retrouvant dans ses idées et ses valeurs empreintes de démocratie réelle, de justice, de solidarité et de préservation de l&rsquo;environnement, pour penser un projet municipal alternatif en 2026</em></p>

<p>Décembre 2024 : Zone des Vergers, concertation ou poudre aux yeux ? Depuis 4 ans la majorité a qualifié « d’ateliers de concertation » plusieurs réunions publiques. La méthode : le projet est ficelé et on vous demande de choisir des détails comme « la couleur des lampadaires ». Fin novembre la soi-disant « concertation » portait sur l’aménagement de la zone des vergers. Il s’est agi en fait de jouer au Monopoly sur une artificialisation de plusieurs hectares initiée en1972 sans l’avis des gens et aujourd’hui dépassée&#8230;.</p>
<p class="read-more"><a class="btn btn-default" href="https://acpcchampigneulles.fr/index.php/nos-publications-dans-le-journal-le-mag/">Lire la suite<span class="screen-reader-text"> Lire la suite</span></a></p>
