{"id":2,"date":"2024-10-04T08:28:34","date_gmt":"2024-10-04T06:28:34","guid":{"rendered":"http:\/\/acpcchampigneulles.fr\/?page_id=2"},"modified":"2025-04-06T15:50:44","modified_gmt":"2025-04-06T13:50:44","slug":"page-d-exemple","status":"publish","type":"page","link":"https:\/\/acpcchampigneulles.fr\/index.php\/page-d-exemple\/","title":{"rendered":"Nos interventions en conseil municipal en 2025"},"content":{"rendered":"\n<p><strong>Avril 2025 : <em>Budget 2025 de la commune\u00a0: ACPC vote contre.<\/em><\/strong><em> Le d\u00e9bat d\u2019orientation budg\u00e9taire tout sauf d\u00e9mocratique o\u00f9 la majorit\u00e9 s\u2019arrogea 90% du temps de parole et o\u00f9 le maire stoppa l\u2019intervention de nos \u00e9lus (nous r\u00e9it\u00e9rons la demande de diffusion en direct des conseils afin de temp\u00e9rer les ardeurs autoritaires) ne nous a pas convaincus. Ce budget 2025 est d\u00e9connect\u00e9 des enjeux \u00e9cologiques et sociaux pourtant si criants de besoins pour construire un futur durable. Nous regrettons l\u2019abandon et le retard dans l\u2019ex\u00e9cution de plusieurs projets, des subventions aux associations qui stagnent depuis longtemps et un manque de moyens pour les services publics municipaux. Les recettes suppl\u00e9mentaires issues des fortes hausses d\u2019imp\u00f4ts des ann\u00e9es pass\u00e9es sont noy\u00e9es dans une vision floue, \u00e0 vue, et peu en rapport avec les enjeux actuels. Champigneulles m\u00e9rite un budget au service de tous, pas une gestion sans aucune perspective.<\/em><\/p>\n\n\n\n<div class=\"wp-block-cover\"><span aria-hidden=\"true\" class=\"wp-block-cover__background has-background-dim\"><\/span><img loading=\"lazy\" decoding=\"async\" width=\"1024\" height=\"759\" class=\"wp-block-cover__image-background wp-image-162\" alt=\"\" src=\"http:\/\/acpcchampigneulles.fr\/wp-content\/uploads\/2025\/02\/travaux-eglise-mairie-poste-1024x759.jpg\" data-object-fit=\"cover\" srcset=\"https:\/\/acpcchampigneulles.fr\/wp-content\/uploads\/2025\/02\/travaux-eglise-mairie-poste-1024x759.jpg 1024w, https:\/\/acpcchampigneulles.fr\/wp-content\/uploads\/2025\/02\/travaux-eglise-mairie-poste-300x222.jpg 300w, https:\/\/acpcchampigneulles.fr\/wp-content\/uploads\/2025\/02\/travaux-eglise-mairie-poste-768x569.jpg 768w, https:\/\/acpcchampigneulles.fr\/wp-content\/uploads\/2025\/02\/travaux-eglise-mairie-poste-1536x1139.jpg 1536w, https:\/\/acpcchampigneulles.fr\/wp-content\/uploads\/2025\/02\/travaux-eglise-mairie-poste-364x270.jpg 364w, https:\/\/acpcchampigneulles.fr\/wp-content\/uploads\/2025\/02\/travaux-eglise-mairie-poste.jpg 2048w\" sizes=\"auto, (max-width: 1024px) 100vw, 1024px\" \/><div class=\"wp-block-cover__inner-container is-layout-flow wp-block-cover-is-layout-flow\">\n<h2 class=\"wp-block-heading\">Projet \u00e9glise\/mairie\/poste : nous ne l&rsquo;avons pas vot\u00e9. Ce sera plus beau en revanche cela manque d&rsquo;ambition. Les voitures restent reines de la ville et la convivialit\u00e9 est oubli\u00e9e.<\/h2>\n<\/div><\/div>\n","protected":false},"excerpt":{"rendered":"<p>Avril 2025 : Budget 2025 de la commune\u00a0: ACPC vote contre. Le d\u00e9bat d\u2019orientation budg\u00e9taire tout sauf d\u00e9mocratique o\u00f9 la majorit\u00e9 s\u2019arrogea 90% du temps de parole et o\u00f9 le maire stoppa l\u2019intervention de nos \u00e9lus (nous r\u00e9it\u00e9rons la demande de diffusion en direct des conseils afin de temp\u00e9rer les ardeurs autoritaires) ne nous a pas convaincus. Ce budget 2025 est d\u00e9connect\u00e9 des enjeux \u00e9cologiques et sociaux pourtant si criants de besoins pour construire un futur durable. Nous regrettons l\u2019abandon&#8230;<\/p>\n<p class=\"read-more\"><a class=\"btn btn-default\" href=\"https:\/\/acpcchampigneulles.fr\/index.php\/page-d-exemple\/\">Lire la suite<span class=\"screen-reader-text\"> Lire la suite<\/span><\/a><\/p>\n","protected":false},"author":1,"featured_media":0,"parent":0,"menu_order":0,"comment_status":"closed","ping_status":"open","template":"","meta":{"footnotes":""},"class_list":["post-2","page","type-page","status-publish","hentry"],"_links":{"self":[{"href":"https:\/\/acpcchampigneulles.fr\/index.php\/wp-json\/wp\/v2\/pages\/2","targetHints":{"allow":["GET"]}}],"collection":[{"href":"https:\/\/acpcchampigneulles.fr\/index.php\/wp-json\/wp\/v2\/pages"}],"about":[{"href":"https:\/\/acpcchampigneulles.fr\/index.php\/wp-json\/wp\/v2\/types\/page"}],"author":[{"embeddable":true,"href":"https:\/\/acpcchampigneulles.fr\/index.php\/wp-json\/wp\/v2\/users\/1"}],"replies":[{"embeddable":true,"href":"https:\/\/acpcchampigneulles.fr\/index.php\/wp-json\/wp\/v2\/comments?post=2"}],"version-history":[{"count":5,"href":"https:\/\/acpcchampigneulles.fr\/index.php\/wp-json\/wp\/v2\/pages\/2\/revisions"}],"predecessor-version":[{"id":216,"href":"https:\/\/acpcchampigneulles.fr\/index.php\/wp-json\/wp\/v2\/pages\/2\/revisions\/216"}],"wp:attachment":[{"href":"https:\/\/acpcchampigneulles.fr\/index.php\/wp-json\/wp\/v2\/media?parent=2"}],"curies":[{"name":"wp","href":"https:\/\/api.w.org\/{rel}","templated":true}]}}