{"id":212,"date":"2025-04-06T15:45:14","date_gmt":"2025-04-06T13:45:14","guid":{"rendered":"https:\/\/acpcchampigneulles.fr\/?page_id=212"},"modified":"2025-04-06T15:45:14","modified_gmt":"2025-04-06T13:45:14","slug":"une-reflexion-autour-de-legalite-femmes-hommes-ladelphite","status":"publish","type":"page","link":"https:\/\/acpcchampigneulles.fr\/index.php\/une-reflexion-autour-de-legalite-femmes-hommes-ladelphite\/","title":{"rendered":"Une r\u00e9flexion autour de l&rsquo;\u00e9galit\u00e9 femmes\/hommes : L&rsquo;Adelphit\u00e9"},"content":{"rendered":"\n<p><a href=\"https:\/\/www.oxfamfrance.org\/inegalites-femmes-hommes\/adelphite-une-alternative-inclusive\">https:\/\/www.oxfamfrance.org\/inegalites-femmes-hommes\/adelphite-une-alternative-inclusive<\/a><\/p>\n\n\n\n<p><\/p>\n","protected":false},"excerpt":{"rendered":"<p>https:\/\/www.oxfamfrance.org\/inegalites-femmes-hommes\/adelphite-une-alternative-inclusive<\/p>\n","protected":false},"author":2,"featured_media":0,"parent":0,"menu_order":0,"comment_status":"closed","ping_status":"closed","template":"","meta":{"footnotes":""},"class_list":["post-212","page","type-page","status-publish","hentry"],"_links":{"self":[{"href":"https:\/\/acpcchampigneulles.fr\/index.php\/wp-json\/wp\/v2\/pages\/212","targetHints":{"allow":["GET"]}}],"collection":[{"href":"https:\/\/acpcchampigneulles.fr\/index.php\/wp-json\/wp\/v2\/pages"}],"about":[{"href":"https:\/\/acpcchampigneulles.fr\/index.php\/wp-json\/wp\/v2\/types\/page"}],"author":[{"embeddable":true,"href":"https:\/\/acpcchampigneulles.fr\/index.php\/wp-json\/wp\/v2\/users\/2"}],"replies":[{"embeddable":true,"href":"https:\/\/acpcchampigneulles.fr\/index.php\/wp-json\/wp\/v2\/comments?post=212"}],"version-history":[{"count":1,"href":"https:\/\/acpcchampigneulles.fr\/index.php\/wp-json\/wp\/v2\/pages\/212\/revisions"}],"predecessor-version":[{"id":213,"href":"https:\/\/acpcchampigneulles.fr\/index.php\/wp-json\/wp\/v2\/pages\/212\/revisions\/213"}],"wp:attachment":[{"href":"https:\/\/acpcchampigneulles.fr\/index.php\/wp-json\/wp\/v2\/media?parent=212"}],"curies":[{"name":"wp","href":"https:\/\/api.w.org\/{rel}","templated":true}]}}