{"id":246,"date":"2025-06-30T10:13:13","date_gmt":"2025-06-30T08:13:13","guid":{"rendered":"https:\/\/acpcchampigneulles.fr\/?page_id=246"},"modified":"2025-06-30T12:01:12","modified_gmt":"2025-06-30T10:01:12","slug":"bilan-du-mandat","status":"publish","type":"page","link":"https:\/\/acpcchampigneulles.fr\/index.php\/bilan-du-mandat\/","title":{"rendered":"Bilan du mandat"},"content":{"rendered":"\n<figure class=\"wp-block-image size-full\"><img loading=\"lazy\" decoding=\"async\" width=\"302\" height=\"167\" src=\"https:\/\/acpcchampigneulles.fr\/wp-content\/uploads\/2025\/06\/bilan.jpg\" alt=\"\" class=\"wp-image-247\" srcset=\"https:\/\/acpcchampigneulles.fr\/wp-content\/uploads\/2025\/06\/bilan.jpg 302w, https:\/\/acpcchampigneulles.fr\/wp-content\/uploads\/2025\/06\/bilan-300x166.jpg 300w\" sizes=\"auto, (max-width: 302px) 100vw, 302px\" \/><\/figure>\n\n\n\n<p><em>Bof\u00a0?<\/em><strong><em> <\/em><\/strong><em>Quel bilan de fin de mandat ?<\/em><strong><em> <\/em><\/strong><\/p>\n\n\n\n<p><em>Communication\u00a0:\u00a0 On retrouve monsieur le maire sur bien des photos. Bof\u00a0! <\/em><\/p>\n\n\n\n<p><em>D\u00e9mocratie\u00a0: De myst\u00e9rieux groupes de citoyens au r\u00f4le inconnu, l\u2019opposition mise \u00e0 l\u2019\u00e9cart, des concertations alibi\u2026Bof\u00a0! <\/em><\/p>\n\n\n\n<p><em>Ecologie\u00a0: un \u00e9tang \u00e0 sec\u00a0; l\u2019assurance d\u2019une zone des vergers en partie artificialis\u00e9e\u00a0;<strong> <\/strong>des voitures qui se garent dans le parc class\u00e9 du ch\u00e2teau. Bof\u00a0! <\/em><\/p>\n\n\n\n<p><em>Patrimoine\u00a0: des millions d\u2019euros engag\u00e9s au ch\u00e2teau et le flou sur l\u2019avenir de la moiti\u00e9 du projet\u00a0; des b\u00e2timents communaux qui dispara\u00eetront\u2026Bof\u00a0! <\/em><\/p>\n\n\n\n<p><em>Imp\u00f4ts\u00a0: une grosse augmentation vraiment n\u00e9cessaire\u00a0?\u2026Bof\u00a0!<strong> <\/strong><\/em><\/p>\n\n\n\n<p><em>Emploi : La ville perd des salari\u00e9s d\u00e9di\u00e9s au service public de la ville&#8230; Bof ! <\/em><\/p>\n\n\n\n<p>Etc&#8230;<\/p>\n\n\n\n<p><em>Propositions\u00a0: Les \u00e9lus ACPC ont assist\u00e9, pris la parole et fait des suggestions \u00e0 tous les conseils municipaux, dit quand les choses allaient dans le bon sens, vot\u00e9 80% des d\u00e9lib\u00e9rations (mais pas les budgets), ont alert\u00e9 la population et se sont oppos\u00e9s \u00e0 la majorit\u00e9 quand ils le jugeaient n\u00e9cessaire\u2026Pas bof\u00a0!<strong> <\/strong>Bel \u00e9t\u00e9 \u00e0 tous en pensant (aussi) \u00e0 l\u2019an prochain, les municipales. Pas bof du tout\u00a0!<\/em><\/p>\n","protected":false},"excerpt":{"rendered":"<p>Bof\u00a0? Quel bilan de fin de mandat ? Communication\u00a0:\u00a0 On retrouve monsieur le maire sur bien des photos. Bof\u00a0! D\u00e9mocratie\u00a0: De myst\u00e9rieux groupes de citoyens au r\u00f4le inconnu, l\u2019opposition mise \u00e0 l\u2019\u00e9cart, des concertations alibi\u2026Bof\u00a0! Ecologie\u00a0: un \u00e9tang \u00e0 sec\u00a0; l\u2019assurance d\u2019une zone des vergers en partie artificialis\u00e9e\u00a0; des voitures qui se garent dans le parc class\u00e9 du ch\u00e2teau. Bof\u00a0! Patrimoine\u00a0: des millions d\u2019euros engag\u00e9s au ch\u00e2teau et le flou sur l\u2019avenir de la moiti\u00e9 du projet\u00a0; des b\u00e2timents communaux&#8230;<\/p>\n<p class=\"read-more\"><a class=\"btn btn-default\" href=\"https:\/\/acpcchampigneulles.fr\/index.php\/bilan-du-mandat\/\">Lire la suite<span class=\"screen-reader-text\"> Lire la suite<\/span><\/a><\/p>\n","protected":false},"author":2,"featured_media":0,"parent":0,"menu_order":0,"comment_status":"closed","ping_status":"closed","template":"","meta":{"footnotes":""},"class_list":["post-246","page","type-page","status-publish","hentry"],"_links":{"self":[{"href":"https:\/\/acpcchampigneulles.fr\/index.php\/wp-json\/wp\/v2\/pages\/246","targetHints":{"allow":["GET"]}}],"collection":[{"href":"https:\/\/acpcchampigneulles.fr\/index.php\/wp-json\/wp\/v2\/pages"}],"about":[{"href":"https:\/\/acpcchampigneulles.fr\/index.php\/wp-json\/wp\/v2\/types\/page"}],"author":[{"embeddable":true,"href":"https:\/\/acpcchampigneulles.fr\/index.php\/wp-json\/wp\/v2\/users\/2"}],"replies":[{"embeddable":true,"href":"https:\/\/acpcchampigneulles.fr\/index.php\/wp-json\/wp\/v2\/comments?post=246"}],"version-history":[{"count":2,"href":"https:\/\/acpcchampigneulles.fr\/index.php\/wp-json\/wp\/v2\/pages\/246\/revisions"}],"predecessor-version":[{"id":251,"href":"https:\/\/acpcchampigneulles.fr\/index.php\/wp-json\/wp\/v2\/pages\/246\/revisions\/251"}],"wp:attachment":[{"href":"https:\/\/acpcchampigneulles.fr\/index.php\/wp-json\/wp\/v2\/media?parent=246"}],"curies":[{"name":"wp","href":"https:\/\/api.w.org\/{rel}","templated":true}]}}

<figure class="wp-block-image size-full"><img loading="lazy" decoding="async" width="302" height="167" src="https://acpcchampigneulles.fr/wp-content/uploads/2025/06/bilan.jpg" alt="" class="wp-image-247" srcset="https://acpcchampigneulles.fr/wp-content/uploads/2025/06/bilan.jpg 302w, https://acpcchampigneulles.fr/wp-content/uploads/2025/06/bilan-300x166.jpg 300w" sizes="auto, (max-width: 302px) 100vw, 302px" /></figure>



<p><em>Bof ?</em><strong><em> </em></strong><em>Quel bilan de fin de mandat ?</em><strong><em> </em></strong></p>



<p><em>Communication :  On retrouve monsieur le maire sur bien des photos. Bof ! </em></p>



<p><em>Démocratie : De mystérieux groupes de citoyens au rôle inconnu, l’opposition mise à l’écart, des concertations alibi…Bof ! </em></p>



<p><em>Ecologie : un étang à sec ; l’assurance d’une zone des vergers en partie artificialisée ;<strong> </strong>des voitures qui se garent dans le parc classé du château. Bof ! </em></p>



<p><em>Patrimoine : des millions d’euros engagés au château et le flou sur l’avenir de la moitié du projet ; des bâtiments communaux qui disparaîtront…Bof ! </em></p>



<p><em>Impôts : une grosse augmentation vraiment nécessaire ?…Bof !<strong> </strong></em></p>



<p><em>Emploi : La ville perd des salariés dédiés au service public de la ville&#8230; Bof ! </em></p>



<p>Etc&#8230;</p>



<p><em>Propositions : Les élus ACPC ont assisté, pris la parole et fait des suggestions à tous les conseils municipaux, dit quand les choses allaient dans le bon sens, voté 80% des délibérations (mais pas les budgets), ont alerté la population et se sont opposés à la majorité quand ils le jugeaient nécessaire…Pas bof !<strong> </strong>Bel été à tous en pensant (aussi) à l’an prochain, les municipales. Pas bof du tout !</em></p>

<p>Bof ? Quel bilan de fin de mandat ? Communication :  On retrouve monsieur le maire sur bien des photos. Bof ! Démocratie : De mystérieux groupes de citoyens au rôle inconnu, l’opposition mise à l’écart, des concertations alibi…Bof ! Ecologie : un étang à sec ; l’assurance d’une zone des vergers en partie artificialisée ; des voitures qui se garent dans le parc classé du château. Bof ! Patrimoine : des millions d’euros engagés au château et le flou sur l’avenir de la moitié du projet ; des bâtiments communaux&#8230;</p>
<p class="read-more"><a class="btn btn-default" href="https://acpcchampigneulles.fr/index.php/bilan-du-mandat/">Lire la suite<span class="screen-reader-text"> Lire la suite</span></a></p>
