{"id":26,"date":"2024-10-28T11:14:28","date_gmt":"2024-10-28T10:14:28","guid":{"rendered":"https:\/\/acpcchampigneulles.fr\/?page_id=26"},"modified":"2026-01-26T17:43:58","modified_gmt":"2026-01-26T16:43:58","slug":"qui-sommes-nous","status":"publish","type":"page","link":"https:\/\/acpcchampigneulles.fr\/index.php\/qui-sommes-nous\/","title":{"rendered":"Qui sommes-nous ?"},"content":{"rendered":"\n<figure class=\"wp-block-image size-large is-resized\"><img loading=\"lazy\" decoding=\"async\" width=\"1024\" height=\"254\" src=\"http:\/\/acpcchampigneulles.fr\/wp-content\/uploads\/2026\/01\/logo-Acpc-v122025-1024x254.png\" alt=\"\" class=\"wp-image-338\" style=\"aspect-ratio:4.031354943840285;width:468px;height:auto\" srcset=\"https:\/\/acpcchampigneulles.fr\/wp-content\/uploads\/2026\/01\/logo-Acpc-v122025-1024x254.png 1024w, https:\/\/acpcchampigneulles.fr\/wp-content\/uploads\/2026\/01\/logo-Acpc-v122025-300x74.png 300w, https:\/\/acpcchampigneulles.fr\/wp-content\/uploads\/2026\/01\/logo-Acpc-v122025-768x191.png 768w, https:\/\/acpcchampigneulles.fr\/wp-content\/uploads\/2026\/01\/logo-Acpc-v122025-1536x381.png 1536w, https:\/\/acpcchampigneulles.fr\/wp-content\/uploads\/2026\/01\/logo-Acpc-v122025-2048x508.png 2048w, https:\/\/acpcchampigneulles.fr\/wp-content\/uploads\/2026\/01\/logo-Acpc-v122025-604x150.png 604w\" sizes=\"auto, (max-width: 1024px) 100vw, 1024px\" \/><\/figure>\n\n\n\n<div class=\"wp-block-group\"><div class=\"wp-block-group__inner-container is-layout-constrained wp-block-group-is-layout-constrained\">\n<p><em><strong>Etat civil :<\/strong><\/em> Association loi de 1901 cr\u00e9\u00e9e au printemps 2008<\/p>\n\n\n\n<p><em><strong>Objet de l\u2019association ACPC :<\/strong><\/em> Lieu de d\u00e9bat et d\u2019action citoyenne, cette association a pour but de faire entendre et voir \u00e0 Champigneulles des id\u00e9es et des projets pour une soci\u00e9t\u00e9 plus juste et plus solidaire.<\/p>\n\n\n\n<p><strong><em>Adresse :<\/em><\/strong> 71 bis rue Jean Jaur\u00e8s 54250 Champigneulles (si\u00e8ge social) \u2026 et dans toute la ville.<\/p>\n\n\n\n<p><strong><em>Contact :<\/em><\/strong> acpcchampi@laposte.net ou 06 66 14 27 91<\/p>\n\n\n\n<p><strong><em>Valeurs :<\/em><\/strong> Ensemble, solidaires et responsables<\/p>\n\n\n\n<ul class=\"wp-block-list\">\n<li><strong><em>Ensemble :<\/em><\/strong> Visons une vraie d\u00e9mocratie locale<\/li>\n\n\n\n<li><em><strong>Solidaires :<\/strong><\/em> Visons l\u2019\u00e9quit\u00e9 entre les habitants et l\u2019identification de ceux qui ont besoin d\u2019un soutien.<\/li>\n\n\n\n<li><strong><em>Responsables :<\/em><\/strong> Visons la pr\u00e9servation de l\u2019environnement dans l\u2019\u00e9quilibre budg\u00e9taire<\/li>\n<\/ul>\n<\/div><\/div>\n\n\n\n<p><strong><em>Actions :<\/em><\/strong> associatives et de politique locale <\/p>\n\n\n\n<blockquote class=\"wp-block-quote is-layout-flow wp-block-quote-is-layout-flow\">\n<h4 class=\"wp-block-heading\"><strong>> 2026 :<\/strong> Pr\u00e9sentation d\u2019une liste aux \u00e9lections municipales des 15 et 22 mars 2026 avec un projet de gauche et \u00e9cologiste.<\/h4>\n<\/blockquote>\n\n\n\n<p><strong>> 2017<\/strong> -> aujourd\u2019hui :<\/p>\n\n\n\n<ul class=\"wp-block-list\">\n<li>Journal d\u2019ACPC<\/li>\n\n\n\n<li>Manifestations<\/li>\n\n\n\n<li>Zones de gratuit\u00e9<\/li>\n\n\n\n<li>Promotion de la sant\u00e9<\/li>\n\n\n\n<li>Lutte pour les droits des femmes<\/li>\n\n\n\n<li>Permanences d\u2019\u00e9lus mensuelles<\/li>\n\n\n\n<li>Appels \u00e0 voter<\/li>\n\n\n\n<li>R\u00e9flexion collective sur des sujets soci\u00e9taux (accueil des d\u00e9munis, logement, r\u00e9chauffement climatique)<\/li>\n\n\n\n<li>Participation \u00e0 tous les conseils municipaux (Vote de 80% des d\u00e9lib\u00e9rations, Non vote concert\u00e9 en \u00e9quipe ACPC, opposition au budget de la ville)<\/li>\n\n\n\n<li>Opposition au projet d\u2019artificialisation de la zone des vergers \u00e0 Champigneulles tel qu\u2019il est envisag\u00e9 dans le PLUI,<\/li>\n\n\n\n<li>R\u00e9flexion pour un projet 2026 pour Champigneulles,<\/li>\n\n\n\n<li>Opposition au d\u00e9ploiement de cam\u00e9ras de vid\u00e9osurveillance comme politique \u00ab s\u00e9curit\u00e9 \u00bb de la ville<\/li>\n\n\n\n<li>Soutien aux associations aidant les plus d\u00e9munis<\/li>\n\n\n\n<li>Implication des membres d\u2019ACPC dans des organismes et associations agissant pour la solidarit\u00e9.<\/li>\n\n\n\n<li>Promotion d\u2019une nouvelle \u00e9conomie et d\u00e9mocratie locale (concept de responsabilit\u00e9 soci\u00e9tale des organisations)<\/li>\n<\/ul>\n\n\n\n<blockquote class=\"wp-block-quote is-layout-flow wp-block-quote-is-layout-flow\">\n<h4 class=\"wp-block-heading\">> 2020 : Pr\u00e9sentation d\u2019une liste aux \u00e9lections municipales affich\u00e9e \u00ab de gauche et \u00e9cologiste \u00bb et qui a recueilli 14% des suffrages.<\/h4>\n<\/blockquote>\n\n\n\n<p><strong>> 2017 :<\/strong> D\u00e9cision de relancer l\u2019action humaniste, solidaire et \u00e9cologiste et de lutter contre la mont\u00e9e des id\u00e9es de l\u2019extr\u00eame droite.<\/p>\n\n\n\n<p><strong>> 2008 ->2017 :<\/strong> Observation de la vie communale.<\/p>\n\n\n\n<div class=\"wp-block-group alignfull has-accent-background-color has-background\" style=\"margin-top:0;margin-bottom:0;padding-top:var(--wp--preset--spacing--50);padding-right:var(--wp--preset--spacing--50);padding-bottom:var(--wp--preset--spacing--50);padding-left:var(--wp--preset--spacing--50)\"><div class=\"wp-block-group__inner-container is-layout-constrained wp-container-core-group-is-layout-2bafd31c wp-block-group-is-layout-constrained\">\n<div class=\"wp-block-columns alignwide is-layout-flex wp-container-core-columns-is-layout-4d397ad4 wp-block-columns-is-layout-flex\">\n<div class=\"wp-block-column is-vertically-aligned-stretch is-layout-flow wp-block-column-is-layout-flow\" style=\"flex-basis:50%\">\n<div class=\"wp-block-group is-vertical is-content-justification-stretch is-layout-flex wp-container-core-group-is-layout-d9786264 wp-block-group-is-layout-flex\" style=\"min-height:100%\"><\/div>\n<\/div>\n\n\n\n<div class=\"wp-block-column is-layout-flow wp-block-column-is-layout-flow\"><\/div>\n\n\n\n<div class=\"wp-block-column is-vertically-aligned-center is-layout-flow wp-block-column-is-layout-flow\" style=\"flex-basis:50%\"><\/div>\n<\/div>\n<\/div><\/div>\n\n\n\n<p><\/p>\n","protected":false},"excerpt":{"rendered":"<p>Etat civil : Association loi de 1901 cr\u00e9\u00e9e au printemps 2008 Objet de l\u2019association ACPC : Lieu de d\u00e9bat et d\u2019action citoyenne, cette association a pour but de faire entendre et voir \u00e0 Champigneulles des id\u00e9es et des projets pour une soci\u00e9t\u00e9 plus juste et plus solidaire. Adresse : 71 bis rue Jean Jaur\u00e8s 54250 Champigneulles (si\u00e8ge social) \u2026 et dans toute la ville. Contact : acpcchampi@laposte.net ou 06 66 14 27 91 Valeurs : Ensemble, solidaires et responsables Actions&#8230;<\/p>\n<p class=\"read-more\"><a class=\"btn btn-default\" href=\"https:\/\/acpcchampigneulles.fr\/index.php\/qui-sommes-nous\/\">Lire la suite<span class=\"screen-reader-text\"> Lire la suite<\/span><\/a><\/p>\n","protected":false},"author":1,"featured_media":0,"parent":0,"menu_order":0,"comment_status":"closed","ping_status":"closed","template":"","meta":{"footnotes":""},"class_list":["post-26","page","type-page","status-publish","hentry"],"_links":{"self":[{"href":"https:\/\/acpcchampigneulles.fr\/index.php\/wp-json\/wp\/v2\/pages\/26","targetHints":{"allow":["GET"]}}],"collection":[{"href":"https:\/\/acpcchampigneulles.fr\/index.php\/wp-json\/wp\/v2\/pages"}],"about":[{"href":"https:\/\/acpcchampigneulles.fr\/index.php\/wp-json\/wp\/v2\/types\/page"}],"author":[{"embeddable":true,"href":"https:\/\/acpcchampigneulles.fr\/index.php\/wp-json\/wp\/v2\/users\/1"}],"replies":[{"embeddable":true,"href":"https:\/\/acpcchampigneulles.fr\/index.php\/wp-json\/wp\/v2\/comments?post=26"}],"version-history":[{"count":15,"href":"https:\/\/acpcchampigneulles.fr\/index.php\/wp-json\/wp\/v2\/pages\/26\/revisions"}],"predecessor-version":[{"id":352,"href":"https:\/\/acpcchampigneulles.fr\/index.php\/wp-json\/wp\/v2\/pages\/26\/revisions\/352"}],"wp:attachment":[{"href":"https:\/\/acpcchampigneulles.fr\/index.php\/wp-json\/wp\/v2\/media?parent=26"}],"curies":[{"name":"wp","href":"https:\/\/api.w.org\/{rel}","templated":true}]}}

<figure class="wp-block-image size-large is-resized"><img loading="lazy" decoding="async" width="1024" height="254" src="http://acpcchampigneulles.fr/wp-content/uploads/2026/01/logo-Acpc-v122025-1024x254.png" alt="" class="wp-image-338" style="aspect-ratio:4.031354943840285;width:468px;height:auto" srcset="https://acpcchampigneulles.fr/wp-content/uploads/2026/01/logo-Acpc-v122025-1024x254.png 1024w, https://acpcchampigneulles.fr/wp-content/uploads/2026/01/logo-Acpc-v122025-300x74.png 300w, https://acpcchampigneulles.fr/wp-content/uploads/2026/01/logo-Acpc-v122025-768x191.png 768w, https://acpcchampigneulles.fr/wp-content/uploads/2026/01/logo-Acpc-v122025-1536x381.png 1536w, https://acpcchampigneulles.fr/wp-content/uploads/2026/01/logo-Acpc-v122025-2048x508.png 2048w, https://acpcchampigneulles.fr/wp-content/uploads/2026/01/logo-Acpc-v122025-604x150.png 604w" sizes="auto, (max-width: 1024px) 100vw, 1024px" /></figure>



<div class="wp-block-group"><div class="wp-block-group__inner-container is-layout-constrained wp-block-group-is-layout-constrained">
<p><em><strong>Etat civil :</strong></em> Association loi de 1901 créée au printemps 2008</p>



<p><em><strong>Objet de l’association ACPC :</strong></em> Lieu de débat et d’action citoyenne, cette association a pour but de faire entendre et voir à Champigneulles des idées et des projets pour une société plus juste et plus solidaire.</p>



<p><strong><em>Adresse :</em></strong> 71 bis rue Jean Jaurès 54250 Champigneulles (siège social) … et dans toute la ville.</p>



<p><strong><em>Contact :</em></strong> acpcchampi@laposte.net ou 06 66 14 27 91</p>



<p><strong><em>Valeurs :</em></strong> Ensemble, solidaires et responsables</p>



<ul class="wp-block-list">
<li><strong><em>Ensemble :</em></strong> Visons une vraie démocratie locale</li>



<li><em><strong>Solidaires :</strong></em> Visons l’équité entre les habitants et l’identification de ceux qui ont besoin d’un soutien.</li>



<li><strong><em>Responsables :</em></strong> Visons la préservation de l’environnement dans l’équilibre budgétaire</li>
</ul>
</div></div>



<p><strong><em>Actions :</em></strong> associatives et de politique locale </p>



<blockquote class="wp-block-quote is-layout-flow wp-block-quote-is-layout-flow">
<h4 class="wp-block-heading"><strong>> 2026 :</strong> Présentation d’une liste aux élections municipales des 15 et 22 mars 2026 avec un projet de gauche et écologiste.</h4>
</blockquote>



<p><strong>> 2017</strong> -> aujourd’hui :</p>



<ul class="wp-block-list">
<li>Journal d’ACPC</li>



<li>Manifestations</li>



<li>Zones de gratuité</li>



<li>Promotion de la santé</li>



<li>Lutte pour les droits des femmes</li>



<li>Permanences d’élus mensuelles</li>



<li>Appels à voter</li>



<li>Réflexion collective sur des sujets sociétaux (accueil des démunis, logement, réchauffement climatique)</li>



<li>Participation à tous les conseils municipaux (Vote de 80% des délibérations, Non vote concerté en équipe ACPC, opposition au budget de la ville)</li>



<li>Opposition au projet d’artificialisation de la zone des vergers à Champigneulles tel qu’il est envisagé dans le PLUI,</li>



<li>Réflexion pour un projet 2026 pour Champigneulles,</li>



<li>Opposition au déploiement de caméras de vidéosurveillance comme politique « sécurité » de la ville</li>



<li>Soutien aux associations aidant les plus démunis</li>



<li>Implication des membres d’ACPC dans des organismes et associations agissant pour la solidarité.</li>



<li>Promotion d’une nouvelle économie et démocratie locale (concept de responsabilité sociétale des organisations)</li>
</ul>



<blockquote class="wp-block-quote is-layout-flow wp-block-quote-is-layout-flow">
<h4 class="wp-block-heading">> 2020 : Présentation d’une liste aux élections municipales affichée « de gauche et écologiste » et qui a recueilli 14% des suffrages.</h4>
</blockquote>



<p><strong>> 2017 :</strong> Décision de relancer l’action humaniste, solidaire et écologiste et de lutter contre la montée des idées de l’extrême droite.</p>



<p><strong>> 2008 ->2017 :</strong> Observation de la vie communale.</p>



<div class="wp-block-group alignfull has-accent-background-color has-background" style="margin-top:0;margin-bottom:0;padding-top:var(--wp--preset--spacing--50);padding-right:var(--wp--preset--spacing--50);padding-bottom:var(--wp--preset--spacing--50);padding-left:var(--wp--preset--spacing--50)"><div class="wp-block-group__inner-container is-layout-constrained wp-container-core-group-is-layout-2bafd31c wp-block-group-is-layout-constrained">
<div class="wp-block-columns alignwide is-layout-flex wp-container-core-columns-is-layout-4d397ad4 wp-block-columns-is-layout-flex">
<div class="wp-block-column is-vertically-aligned-stretch is-layout-flow wp-block-column-is-layout-flow" style="flex-basis:50%">
<div class="wp-block-group is-vertical is-content-justification-stretch is-layout-flex wp-container-core-group-is-layout-d9786264 wp-block-group-is-layout-flex" style="min-height:100%"></div>
</div>



<div class="wp-block-column is-layout-flow wp-block-column-is-layout-flow"></div>



<div class="wp-block-column is-vertically-aligned-center is-layout-flow wp-block-column-is-layout-flow" style="flex-basis:50%"></div>
</div>
</div></div>



<p></p>

<p>Etat civil : Association loi de 1901 créée au printemps 2008 Objet de l’association ACPC : Lieu de débat et d’action citoyenne, cette association a pour but de faire entendre et voir à Champigneulles des idées et des projets pour une société plus juste et plus solidaire. Adresse : 71 bis rue Jean Jaurès 54250 Champigneulles (siège social) … et dans toute la ville. Contact : acpcchampi@laposte.net ou 06 66 14 27 91 Valeurs : Ensemble, solidaires et responsables Actions&#8230;</p>
<p class="read-more"><a class="btn btn-default" href="https://acpcchampigneulles.fr/index.php/qui-sommes-nous/">Lire la suite<span class="screen-reader-text"> Lire la suite</span></a></p>
