{"id":29,"date":"2025-02-04T16:14:38","date_gmt":"2025-02-04T15:14:38","guid":{"rendered":"https:\/\/acpcchampigneulles.fr\/?page_id=29"},"modified":"2025-02-05T21:55:07","modified_gmt":"2025-02-05T20:55:07","slug":"nos-engagements-et-nos-valeurs","status":"publish","type":"page","link":"https:\/\/acpcchampigneulles.fr\/index.php\/nos-engagements-et-nos-valeurs\/","title":{"rendered":"Nos engagements et nos valeurs"},"content":{"rendered":"\n<p><\/p>\n\n\n\n<p><strong>LA DEMOCRATIE PARTICIPATIVE<\/strong><\/p>\n\n\n\n<p>D\u2019une mani\u00e8re g\u00e9n\u00e9rale et plus particuli\u00e8rement dans le cadre de la commune de Champigneulles et de la communaut\u00e9 de communes du bassin de Pompey, nous tenons \u00e0 garantir, \u00e0 promouvoir, \u00e0 offrir et \u00e0 garantir aux citoyens la possibilit\u00e9 de d\u00e9battre, de participer et de peser de mani\u00e8re r\u00e9elle et effective sur les questions et les d\u00e9cisions qui affectent leur cadre et leurs conditions de vie. Cette d\u00e9marche exigeante doit \u00eatre au maximum inclusive, contributive et d\u00e9lib\u00e9rative avec une information et une animation large, objective et de qualit\u00e9 qui permettra \u00e0 chaque citoyen de s\u2019inscrire&nbsp; dans une dynamique collective de partage du pouvoir. Tous les domaines sont concern\u00e9s comme les transports, l\u2019am\u00e9nagement urbain, la sauvegarde du patrimoine b\u00e2tis et des espaces verts et naturels, la gestion de l\u2019eau et de l\u2019assainissement, l\u2019animation culturelle et sportive, l\u2019offre scolaire, les services sociaux, la fiscalit\u00e9 communale \u2026\u2026\u2026<\/p>\n\n\n\n<p class=\"has-medium-font-size\"><strong>LA SAUVEGARDE DE LA BIODIVERSITE ET DU CADRE DE VIE<\/strong><\/p>\n\n\n\n<p>Le r\u00e9chauffement climatique impacte de plus en plus nos conditions et notre cadre de vie. Il devient urgent de pr\u00e9server nos espaces naturels en emp\u00eachant l\u2019artificialisation des sols. Nous voulons en premier lieu encourager l\u2019isolation des b\u00e2timents publics et des logements collectifs et individuels, mais aussi favoriser la r\u00e9habilitation de toutes les friches industrielles et du b\u00e2ti existant.<\/p>\n\n\n\n<p>Par ailleurs, il faut promouvoir au maximum le d\u00e9veloppement et l\u2019entretien des espaces verts sur toute la surface de la commune. Nous voulons aussi contribuer avec les acteurs locaux (d\u00e9partement 54, communaut\u00e9 de communes, associations impliqu\u00e9es dans le cadre de la pr\u00e9servation de la nature, O.N.F.&nbsp; \u2026.) \u00e0 sauvegarder la biodiversit\u00e9 tr\u00e8s riche du vallon de Bellefontaine, <strong>des 2 \u00e9tangs<\/strong>, de la flore et de la faune, des zones humides et du couvert forestier qui jouxte Champigneulles.<\/p>\n\n\n\n<p>Cela passe aussi par le d\u00e9veloppement de moyens de transports moins impactant (d\u00e9veloppement des pistes cyclables et des transports en commun non polluants, pr\u00e9servation de la gare S.N.C.F. \u2026.)<\/p>\n\n\n\n<p><strong>LA DEFENSE DES DROITS DES FEMMES ET DE LEUR PLACE DANS LA CITE<\/strong><\/p>\n\n\n\n<p>Beaucoup reste encore \u00e0 faire dans ce domaine&nbsp;: \u00e9galit\u00e9 salariale, parit\u00e9 dans l\u2019acc\u00e8s \u00e0 des emplois de responsabilit\u00e9s, <strong>&nbsp;<\/strong>d\u00e9veloppement de places de cr\u00e8ches et de gardes d\u2019enfants\u2026..<\/p>\n\n\n\n<p>Les symboles restent encore forts&nbsp;: \u00e0 titre d\u2019exemple, une seule rue de Champigneulles porte un nom f\u00e9minin (Nous avions men\u00e9 il y a quelques mois une action en renommant de nombreuses rues avec des noms de femmes c\u00e9l\u00e8bres dans diff\u00e9rents domaines).&nbsp;&nbsp;<\/p>\n\n\n\n<p><strong>JUSTICE ET LUTTE CONTRE LA FRACTURE SOCIALE<\/strong><\/p>\n\n\n\n<p>Dans une p\u00e9riode o\u00f9 les in\u00e9galit\u00e9s sociales s\u2019accentuent avec pour effet une paup\u00e9risation grandissante d\u2019une partie de la population de Champigneulles, nous soutenons&nbsp; toutes les actions qui tentent de r\u00e9duire une marginalisation croissante de nombreuses familles de la commune. Les orientations budg\u00e9taires de la commune doivent encourager et soutenir ces actions soit directement, soit en subventionnant davantage les associations qui \u0153uvrent dans ce domaine.<\/p>\n\n\n\n<p>L\u2019acc\u00e8s au logement reste une des principales injustices et Champigneulles n\u2019\u00e9chappe pas \u00e0 la r\u00e8gle. Si le ratio de logements sociaux semble \u00eatre conforme \u00e0 la l\u00e9gislation par rapport \u00e0 la population, l\u2019augmentation des prix de l\u2019immobilier freine consid\u00e9rablement l\u2019acc\u00e8s \u00e0 l\u2019acquisition d\u2019un logement aux primo-acc\u00e9dants et \u00e0 des familles avec enfants qui permettrait de rajeunir la pyramide des \u00e2ges.<\/p>\n\n\n\n<p>Nous militons aussi pour une tarification progressive des tarifs de l\u2019eau et de l\u2019assainissement avec mes premiers M3 gratuits.<\/p>\n\n\n\n<p>Par ailleurs, une fraction non n\u00e9gligeable des habitants de la commune est vieillissante. En dehors du foyer r\u00e9sidences des Fourasses et pour une population moins autonome, il n\u2019existe pas d\u2019E.H.P.A.D. sur la commune qui permettrait aux personnes \u00e2g\u00e9es qui le souhaiteraient de rester y vivre. <\/p>\n\n\n\n<p><strong>ACCUEIL DES MIGRANTS<\/strong><\/p>\n\n\n\n<p>Dans un monde en plein chaos o\u00f9 les guerres font rage, o\u00f9 le r\u00e9chauffement climatique oblige des populations \u00e0 quitter leurs territoires sinistr\u00e9s, chaque commune dont la ville de Champigneulles se doivent d&rsquo;\u00eatre solidaires pour accueillir dignement et aider au mieux des personnes ou des familles qui arrivent souvent dans la plus grande d\u00e9tresse et le plus grand d\u00e9nuement. ACPC soutient soutient les actions concr\u00e8tes qui \u0153uvrent dans ce sens.\u00a0\u00a0<\/p>\n\n\n\n<p><strong>NOS ORIENTATIONS POLITIQUES<\/strong><\/p>\n\n\n\n<p>A.C.P.C. est une association libre qui n\u2019est pas dans ses statuts une organisation politique. Cependant, nos valeurs d\u00e9clin\u00e9es ci-dessus nous conduisent naturellement \u00e0 nous rapprocher et \u00e0 solliciter le soutien de <strong>l\u2019ensemble des forces de gauche et \u00e9cologistes<\/strong> du territoire dans le respect de leurs sensibilit\u00e9s propres.<\/p>\n","protected":false},"excerpt":{"rendered":"<p>LA DEMOCRATIE PARTICIPATIVE D\u2019une mani\u00e8re g\u00e9n\u00e9rale et plus particuli\u00e8rement dans le cadre de la commune de Champigneulles et de la communaut\u00e9 de communes du bassin de Pompey, nous tenons \u00e0 garantir, \u00e0 promouvoir, \u00e0 offrir et \u00e0 garantir aux citoyens la possibilit\u00e9 de d\u00e9battre, de participer et de peser de mani\u00e8re r\u00e9elle et effective sur les questions et les d\u00e9cisions qui affectent leur cadre et leurs conditions de vie. Cette d\u00e9marche exigeante doit \u00eatre au maximum inclusive, contributive et d\u00e9lib\u00e9rative&#8230;<\/p>\n<p class=\"read-more\"><a class=\"btn btn-default\" href=\"https:\/\/acpcchampigneulles.fr\/index.php\/nos-engagements-et-nos-valeurs\/\">Lire la suite<span class=\"screen-reader-text\"> Lire la suite<\/span><\/a><\/p>\n","protected":false},"author":1,"featured_media":0,"parent":0,"menu_order":0,"comment_status":"closed","ping_status":"closed","template":"","meta":{"footnotes":""},"class_list":["post-29","page","type-page","status-publish","hentry"],"_links":{"self":[{"href":"https:\/\/acpcchampigneulles.fr\/index.php\/wp-json\/wp\/v2\/pages\/29","targetHints":{"allow":["GET"]}}],"collection":[{"href":"https:\/\/acpcchampigneulles.fr\/index.php\/wp-json\/wp\/v2\/pages"}],"about":[{"href":"https:\/\/acpcchampigneulles.fr\/index.php\/wp-json\/wp\/v2\/types\/page"}],"author":[{"embeddable":true,"href":"https:\/\/acpcchampigneulles.fr\/index.php\/wp-json\/wp\/v2\/users\/1"}],"replies":[{"embeddable":true,"href":"https:\/\/acpcchampigneulles.fr\/index.php\/wp-json\/wp\/v2\/comments?post=29"}],"version-history":[{"count":3,"href":"https:\/\/acpcchampigneulles.fr\/index.php\/wp-json\/wp\/v2\/pages\/29\/revisions"}],"predecessor-version":[{"id":174,"href":"https:\/\/acpcchampigneulles.fr\/index.php\/wp-json\/wp\/v2\/pages\/29\/revisions\/174"}],"wp:attachment":[{"href":"https:\/\/acpcchampigneulles.fr\/index.php\/wp-json\/wp\/v2\/media?parent=29"}],"curies":[{"name":"wp","href":"https:\/\/api.w.org\/{rel}","templated":true}]}}